is the units digit of 287081?
1
What is the millions digit of 2029596?
2
What is the hundreds digit of 391196?
1
What is the hundred thousands digit of 955784?
9
What is the hundreds digit of 189277?
2
What is the hundred thousands digit of 25382432?
3
What is the millions digit of 22589422?
2
What is the thousands digit of 757525?
7
What is the ten thousands digit of 1549971?
4
What is the hundreds digit of 62055?
0
What is the tens digit of 2154013?
1
What is the tens digit of 294519?
1
What is the ten millions digit of 45276565?
4
What is the tens digit of 7055968?
6
What is the hundreds digit of 4711135?
1
What is the tens digit of 2070326?
2
What is the ten thousands digit of 4231347?
3
What is the ten millions digit of 10220481?
1
What is the hundred thousands digit of 3893668?
8
What is the tens digit of 614822?
2
What is the ten thousands digit of 65747?
6
What is the millions digit of 1286016?
1
What is the ten thousands digit of 216222?
1
What is the units digit of 10972868?
8
What is the tens digit of 3770310?
1
What is the hundreds digit of 4486673?
6
What is the thousands digit of 2930010?
0
What is the hundreds digit of 3078682?
6
What is the units digit of 2003403?
3
What is the ten thousands digit of 26455?
2
What is the tens digit of 294999?
9
What is the ten thousands digit of 212377?
1
What is the units digit of 30023?
3
What is the ten thousands digit of 592040?
9
What is the thousands digit of 7278123?
8
What is the hundred thousands digit of 3883829?
8
What is the hundreds digit of 12392240?
2
What is the hundred thousands digit of 238823?
2
What is the tens digit of 9511996?
9
What is the tens digit of 1363490?
9
What is the ten thousands digit of 211338?
1
What is the hundred thousands digit of 396693?
3
What is the ten thousands digit of 165837?
6
What is the hundred thousands digit of 6899499?
8
What is the hundred thousands digit of 507394?
5
What is the tens digit of 18706923?
2
What is the hundreds digit of 7859?
8
What is the ten thousands digit of 7400728?
0
What is the tens digit of 1217349?
4
What is the hundred thousands digit of 960656?
9
What is the ten thousands digit of 2763447?
6
What is the tens digit of 9568461?
6
What is the hundred thousands digit of 8436308?
4
What is the hundreds digit of 3144176?
1
What is the hundreds digit of 214250?
2
What is the hundred thousands digit of 13021941?
0
What is the units digit of 166964?
4
What is the tens digit of 55683?
8
What is the ten thousands digit of 222383?
2
What is the hundreds digit of 19681632?
6
What is the units digit of 60720?
0
What is the ten thousands digit of 613748?
1
What is the hundreds digit of 2060346?
3
What is the thousands digit of 18675452?
5
What is the units digit of 954526?
6
What is the hundred thousands digit of 1175332?
1
What is the millions digit of 1887019?
1
What is the tens digit of 3671050?
5
What is the tens digit of 105724?
2
What is the ten thousands digit of 157725?
5
What is the units digit of 27810964?
4
What is the hundreds digit of 1087229?
2
What is the tens digit of 616026?
2
What is the millions digit of 1868739?
1
What is the hundred thousands digit of 8406275?
4
What is the thousands digit of 31673287?
3
What is the hundred thousands digit of 1945510?
9
What is the hundreds digit of 218948?
9
What is the hundreds digit of 12032717?
7
What is the millions digit of 2657499?
2
What is the thousands digit of 928913?
8
What is the millions digit of 10579558?
0
What is the thousands digit of 1456081?
6
What is the thousands digit of 331674?
1
What is the hundred thousands digit of 1165582?
1
What is the ten millions digit of 27017883?
2
What is the hundreds digit of 176976?
9
What is the units digit of 1392234?
4
What is the hundreds digit of 771683?
6
What is the units digit of 396873?
3
What is the units digit of 836065?
5
What is the hundred thousands digit of 387111?
3
What is the units digit of 21612540?
0
What is the tens digit of 11413528?
2
What is the hundreds digit of 10271808?
8
What is the ten thousands digit of 316477?
1
What is the tens digit of 124173?
7
What is the ten thousands digit of 942526?
4
What is the tens digit of 7791534?
3
What is the tens digit of 25937973?
7
What is the tens digit of 10589556?
5
What is the ten thousands digit of 156467?
5
What is the units digit of 851068?
8
What is the hundred thousands digit of 159897?
1
What is the hundred thousands digit of 2088446?
0
What is the millions digit of 1625141?
1
What is the thousands digit of 604209?
4
What is the hundreds digit of 792666?
6
What is the hundreds digit of 150525?
5
What is the ten thousands digit of 1290199?
9
What is the tens digit of 606517?
1
What is the hundred thousands digit of 1850696?
8
What is the thousands digit of 602348?
2
What is the tens digit of 44730?
3
What is the ten thousands digit of 128303?
2
What is the millions digit of 3092958?
3
What is the tens digit of 128954?
5
What is the ten thousands digit of 237949?
3
What is the hundred thousands digit of 2095136?
0
What is the hundreds digit of 1021365?
3
What is the hundreds digit of 2826184?
1
What is the hundreds digit of 1060305?
3
What is the ten thousands digit of 3087756?
8
What is the tens digit of 1695293?
9
What is the ten thousands digit of 6753809?
5
What is the hundreds digit of 156832?
8
What is the hundreds digit of 4050584?
5
What is the hundreds digit of 159306?
3
What is the tens digit of 522424?
2
What is the tens digit of 6051538?
3
What is the ten thousands digit of 2596375?
9
What is the hundreds digit of 1915785?
7
What is the ten thousands digit of 249565?
4
What is the hundreds digit of 623465?
4
What is the millions digit of 3803693?
3
What is the hundreds digit of 19676?
6
What is the ten thousands digit of 5786477?
8
What is the hundred thousands digit of 2541234?
5
What is the hundred thousands digit of 317473?
3
What is the thousands digit of 1183778?
3
What is the tens digit of 83970?
7
What is the thousands digit of 12209029?
9
What is the thousands digit of 444533?
4
What is the ten thousands digit of 2793246?
9
What is the thousands digit of 11832736?
2
What is the hundreds digit of 145936?
9
What is the tens digit of 861798?
9
What is the hundred thousands digit of 131664?
1
What is the ten millions digit of 14004497?
1
What is the units digit of 177392?
2
What is the tens digit of 188028?
2
What is the hundreds digit of 1041690?
6
What is the hundred thousands digit of 5410598?
4
What is the thousands digit of 14317?
4
What is the ten thousands digit of 2577712?
7
What is the hundred thousands digit of 211335?
2
What is the ten thousands digit of 927127?
2
What is the thousands digit of 7452976?
2
What is the tens digit of 1702628?
2
What is the thousands digit of 177303?
7
What is the tens digit of 10169426?
2
What is the hundreds digit of 936669?
6
What is the thousands digit of 4540847?
0
What is the units digit of 978243?
3
What is the hundreds digit of 192580?
5
What is the hundreds digit of 190361?
3
What is the tens digit of 8128744?
4
What is the hundreds digit of 39379?
3
What is the hundreds digit of 19564238?
2
What is the units digit of 1924380?
0
What is the hundred thousands digit of 8328139?
3
What is the units digit of 30978804?
4
What is the hundred thousands digit of 787454?
7
What is the hundred thousands digit of 991978?
9
What is the units digit of 288593?
3
What is the millions digit of 1166599?
1
What is the ten thousands digit of 1297023?
9
What is the hundred thousands digit of 817148?
8
What is the ten thousands digit of 70202?
7
What is the ten thousands digit of 110067?
1
What is the tens digit of 4691?
9
What is the tens digit of 2419776?
7
What is the ten thousands digit of 142974?
4
What is the ten thousands digit of 5216252?
1
What is the units digit of 5484214?
4
What is the ten thousands digit of 20562?
2
What is the thousands digit of 358445?
8
What is the hundreds digit of 4383071?
0
What is the ten thousands digit of 3202463?
0
What is the hundreds digit of 2025546?
5
What is the hundreds digit of 234358?
3
What is the hundred thousands digit of 601646?
6
What is the hundred thousands digit of 636813?
6
What is the hundred thousands digit of 347998?
3
What is the hundreds digit 